s 536 a factor of 26455888?
True
Is 155 a factor of 28918461?
False
Is 9 a factor of 1622572?
False
Is 250800 a multiple of 48?
True
Is 144 a factor of 1146489?
False
Is 67 a factor of 491847?
True
Is 32 a factor of 123846?
False
Is 97896 a multiple of 24?
True
Is 1944875 a multiple of 33?
False
Does 55 divide 252725?
True
Does 55 divide 3947655?
False
Is 23 a factor of 796076?
True
Is 16 a factor of 1532992?
True
Is 43 a factor of 6987323?
False
Is 103 a factor of 7703061?
True
Is 28 a factor of 1278368?
True
Does 59 divide 61419?
True
Is 104 a factor of 775185?
False
Is 21 a factor of 270170?
False
Is 59003 a multiple of 47?
False
Does 1422 divide 1485990?
True
Does 380 divide 402878?
False
Is 24 a factor of 3094541?
False
Is 168366 a multiple of 22?
True
Does 27 divide 4722950?
False
Does 74 divide 1909940?
True
Is 161 a factor of 117417?
False
Is 103 a factor of 7954999?
True
Does 364 divide 364000?
True
Is 12 a factor of 139533?
False
Is 1323147 a multiple of 4?
False
Does 8 divide 1337930?
False
Is 37 a factor of 63936?
True
Is 644 a factor of 5045468?
False
Does 220 divide 212315?
False
Is 158835 a multiple of 316?
False
Is 900768 a multiple of 56?
False
Does 13 divide 115193?
True
Is 156060 a multiple of 102?
True
Does 121 divide 183056?
False
Is 251 a factor of 14616?
False
Is 674548 a multiple of 20?
False
Is 7280712 a multiple of 111?
True
Is 88 a factor of 37224?
True
Is 13740643 a multiple of 168?
False
Does 397 divide 626466?
True
Is 6 a factor of 237050?
False
Is 48 a factor of 92688?
True
Does 28 divide 1450985?
False
Is 23142 a multiple of 191?
False
Does 169 divide 181765?
False
Does 255 divide 68456?
False
Does 15 divide 3505350?
True
Does 22 divide 40984208?
False
Is 8 a factor of 144682?
False
Is 4033125 a multiple of 27?
True
Does 30 divide 222205?
False
Is 46 a factor of 1380736?
True
Is 23 a factor of 6784816?
True
Is 31512 a multiple of 33?
False
Does 65 divide 13260?
True
Is 690233 a multiple of 17?
False
Does 12 divide 455951?
False
Is 22 a factor of 518210?
True
Is 8553 a multiple of 23?
False
Is 1561 a multiple of 5?
False
Does 35 divide 14091156?
False
Is 3169792 a multiple of 8?
True
Does 38 divide 101916?
True
Is 878603 a multiple of 11?
True
Is 1996729 a multiple of 133?
True
Is 1338288 even?
True
Does 19 divide 350417?
True
Is 68 a factor of 111724?
True
Is 79 a factor of 309917?
True
Is 99 a factor of 34718?
False
Is 183 a factor of 5490000?
True
Is 33543 a multiple of 3?
True
Is 828 a factor of 2075787?
False
Is 194824 a multiple of 142?
True
Is 7 a factor of 42539?
True
Does 15 divide 13695?
True
Does 15 divide 7624?
False
Is 38088 a multiple of 12?
True
Is 68992 a multiple of 98?
True
Does 17 divide 564196?
True
Is 12984001 a multiple of 121?
False
Does 42 divide 4755240?
True
Is 11 a factor of 88649?
True
Is 2122539 a multiple of 87?
True
Is 994363 a multiple of 128?
False
Does 360 divide 147950?
False
Is 739 a factor of 14032871?
True
Is 123 a factor of 387719?
False
Does 1395 divide 19116795?
False
Is 15204096 a multiple of 24?
True
Is 20 a factor of 152634?
False
Is 276 a factor of 48024?
True
Is 718060 a multiple of 7?
True
Is 4 a factor of 217490?
False
Is 17 a factor of 5015083?
False
Is 27 a factor of 991142?
False
Does 848 divide 12903383?
False
Does 2029 divide 6970959?
False
Is 47357 a multiple of 8?
False
Is 17 a factor of 2869509?
False
Does 28 divide 3342668?
True
Is 317823 a multiple of 329?
False
Is 9523018 a multiple of 1773?
False
Is 520236 a multiple of 18?
True
Is 42 a factor of 1699051?
False
Is 23666 a multiple of 7?
False
Is 27 a factor of 643005?
True
Does 85 divide 152235?
True
Does 6 divide 9647?
False
Is 143 a factor of 635598?
False
Does 170 divide 213180?
True
Does 19 divide 25612?
True
Is 71112 a multiple of 24?
True
Is 22750 a multiple of 38?
False
Does 996 divide 1044581?
False
Is 93 a factor of 1902780?
True
Is 41 a factor of 10191375?
False
Is 542662 a multiple of 94?
True
Does 116 divide 35119?
False
Does 247 divide 5445697?
False
Is 48752 a multiple of 16?
True
Is 108454 a multiple of 139?
False
Is 166519 a multiple of 89?
True
Does 11 divide 974642?
False
Is 7 a factor of 8944?
False
Is 158 a factor of 3805904?
True
Does 162 divide 53865?
False
Does 8 divide 474962?
False
Does 450 divide 20030850?
True
Does 283 divide 912683?
False
Is 15 a factor of 79920?
True
Is 75276 a multiple of 738?
True
Does 105 divide 1574604?
False
Does 471 divide 2461446?
True
Does 9 divide 4351482?
True
Is 4732412 a multiple of 7?
False
Does 174 divide 4524?
True
Does 77 divide 804172?
False
Is 11 a factor of 1595?
True
Is 3087913 a multiple of 426?
False
Is 430 a factor of 3122660?
True
Is 12 a factor of 4844112?
True
Is 308471 a multiple of 42?
False
Is 457 a factor of 710985?
False
Does 414 divide 6836382?
True
Is 1243 a factor of 6177164?
False
Is 49 a factor of 308651?
True
Is 54 a factor of 382104?
True
Is 42124 a multiple of 140?
False
Is 374608 a multiple of 11?
False
Does 10 divide 586340?
True
Is 5223944 a multiple of 319?
True
Is 397 a factor of 3014144?
False
Does 63 divide 1968687?
True
Is 198648 a multiple of 248?
True
Does 42 divide 3794079?
False
Is 14 a factor of 578004?
True
Is 42993689 a multiple of 29?
True
Does 68 divide 1551828?
True
Is 3169149 a multiple of 87?
True
Is 19 a factor of 53682?
False
Is 138 a factor of 5243034?
True
Is 1934 a multiple of 12?
False
Is 391 a factor of 1744791?
False
Does 1408 divide 6401063?
False
Is 39 a factor of 1676571?
True
Is 252271 a multiple of 214?
False
Is 218 a factor of 1437975?
False
Is 65 a factor of 226727?
False
Is 34 a factor of 224746?
False
Does 13 divide 998632?
False
Is 42 a factor of 16254?
True
Does 8 divide 58199?
False
Does 37 divide 396603?
True
Is 47187 a multiple of 441?
True
Is 53 a factor of 1997079?
False
Is 503 a factor of 186613?
True
Does 2 divide 8683?
False
Does 23 divide 3453421?
False
Is 155 a factor of 174685?
True
Is 16946 a multiple of 210?
False
Is 163661 a multiple of 20?
False
Does 22 divide 98736?
True
Is 924448 a multiple of 8?
True
Is 47 a factor of 73345?
False
Is 6 a factor of 25060?
False
Is 532672 a multiple of 406?
True
Is 312 a factor of 8424?
True
Is 34415 a multiple of 12?
False
Is 73097 a multiple of 67?
True
Is 69 a factor of 887685?
True
Does 2 divide 31471?
False
Does 10 divide 2021810?
True
Does 23 divide 1456475?
True
Is 12777044 a multiple of 133?
True
Is 128 a factor of 2793472?
True
Is 59 a factor of 1559937?
False
Does 1932 divide 13421604?
True
Is 61800 a multiple of 8?
True
Does 20 divide 557805?
False
Does 32 divide 467776?
True
Is 189197 a multiple of 152?
False
Does 23 divide 179029?
False
Is 135252 a multiple of 468?
True
Does 68 divide 4591279?
False
Does 10 divide 1046430?
True
Does 9 divide 456156?
True
Is 2433 a multiple of 4?
False
Is 1228595 a multiple of 468?
False
Is 25 a factor of 1213475?
True
Is 6 a factor of 51284?
False
Does 9 divide 683132?
False
Is 232466 a multiple of 212?
False
Is 41497 a multiple of 10?
False
Is 10 a factor of 9631830?
True
Is 56232 a multiple of 99?
True
Is 17 a factor of 8137713?
True
Is 68 a factor of 179860?
True
Does 46 divide 312874?
False
Does 174 divide 294031?
False
Does 30 divide 1766528?
False
Is 168392 a multiple of 217?
True
Is 1913623 a multiple of 437?
True
Is 128687 a multiple of 35?
False
Does 37 divide 813371?
True
Does 5 divide 1624?
False
Is 2941386 a multiple of 354?
True
Does 228 divide 350410?
False
Is 172448 a multiple of 189?
False
Does 8 divide 3317048?
True
Does 167 divide 34296?
False
Is 179 a factor of 1394345?
False
Does 53 divide 5138986?
True
Is 174990 a multiple of 38?
True
Does 9 divide 2461320?
True
Is 1774080 a multiple of 616?
True
Does 23 divide 197478?
True
Does 685 divide 1283005?
True
Is 115 a factor of 248630?
True
Is 11 a factor of 122804?
True
Is 16 a factor of 9352191?
False
Does 173 divide 274105?
False
Does 24 divide 129792?
True
Does 36 divide 341352?
True
Is 830 a factor of 321210?
True
Is 1190565 a multiple of 325?
False
Does 174 divide 363486?
True
Does 14 divide 143262?
True
Is 850656 a multiple of 12?
True
Does 6 divide 186601?
False
Is 1854360 a multiple of 1717?
True
Is 176402 a multiple of 11?
False
Does 11 divide 467313?
True
Is 34 a factor of 1218253?
False
Is 102 a factor of 